{"id":7659,"date":"2022-09-09T14:57:06","date_gmt":"2022-09-09T12:57:06","guid":{"rendered":"https:\/\/eliem.fashion\/prodotto\/sac-a-dos-mary\/"},"modified":"2023-01-30T12:36:05","modified_gmt":"2023-01-30T11:36:05","slug":"sac-a-dos-mary","status":"publish","type":"product","link":"https:\/\/eliem.fashion\/fr\/prodotto\/sac-a-dos-mary\/","title":{"rendered":"Sac \u00e0 dos Mary"},"content":{"rendered":"<h2>Caract\u00e9ristiques<\/h2>\n<p>Portabilit\u00e9 : au bras ou \u00e0 l\u2019\u00e9paule moyennant une cha\u00eene. 35 x 29 x 10 cm (longueur x hauteur x largeur)<\/p>\n<ul>\n<li>Couleur : noir<\/li>\n<li>Peau : int\u00e9rieur et ext\u00e9rieur de bovin<\/li>\n<li>&nbsp;\n<p>Fabrication : artisanale<\/li>\n<li>Poche avant avec aimant<\/li>\n<li>Poche int\u00e9rieure pour smartphone<\/li>\n<li class=\"lmt__translations_as_text__item\">Sangles d&#8217;\u00e9paule r\u00e9glables en cuir<\/li>\n<li>Fermeture zipp\u00e9e ext\u00e9rieure et aimants lat\u00e9raux<\/li>\n<li>Accessoires \u00ab\u00a0gondoles\u00a0\u00bb plaqu\u00e9s or dedans et dehors<\/li>\n<li>Fabriqu\u00e9 en Italie<\/li>\n<\/ul>\n<p>&nbsp;<\/p>\n","protected":false},"excerpt":{"rendered":"<p>Caract\u00e9ristiques Portabilit\u00e9 : au bras ou \u00e0 l\u2019\u00e9paule moyennant une cha\u00eene. 35 x 29 x 10 cm (longueur x hauteur x largeur) Couleur : noir Peau : int\u00e9rieur et ext\u00e9rieur de bovin &nbsp; Fabrication : artisanale Poche avant avec aimant [&hellip;]<\/p>\n","protected":false},"featured_media":7655,"template":"","meta":{"_acf_changed":false,"_joinchat":[]},"product_cat":[164],"product_tag":[],"class_list":["post-7659","product","type-product","status-publish","has-post-thumbnail","hentry","product_cat-produits"],"acf":[],"yoast_head":"<!-- This site is optimized with the Yoast SEO plugin v26.6 - https:\/\/yoast.com\/wordpress\/plugins\/seo\/ -->\n<title>Sac \u00e0 dos Mary - Eliem Fashion by Elizabeth Maria<\/title>\n<meta name=\"robots\" content=\"index, follow, max-snippet:-1, max-image-preview:large, max-video-preview:-1\" \/>\n<link rel=\"canonical\" href=\"https:\/\/eliem.fashion\/fr\/prodotto\/sac-a-dos-mary\/\" \/>\n<meta property=\"og:locale\" content=\"fr_FR\" \/>\n<meta property=\"og:type\" content=\"article\" \/>\n<meta property=\"og:title\" content=\"Sac \u00e0 dos Mary - Eliem Fashion by Elizabeth Maria\" \/>\n<meta property=\"og:description\" content=\"Caract\u00e9ristiques Portabilit\u00e9 : au bras ou \u00e0 l\u2019\u00e9paule moyennant une cha\u00eene. 35 x 29 x 10 cm (longueur x hauteur x largeur) Couleur : noir Peau : int\u00e9rieur et ext\u00e9rieur de bovin &nbsp; Fabrication : artisanale Poche avant avec aimant [&hellip;]\" \/>\n<meta property=\"og:url\" content=\"https:\/\/eliem.fashion\/fr\/prodotto\/sac-a-dos-mary\/\" \/>\n<meta property=\"og:site_name\" content=\"Eliem Fashion by Elizabeth Maria\" \/>\n<meta property=\"article:modified_time\" content=\"2023-01-30T11:36:05+00:00\" \/>\n<meta property=\"og:image\" content=\"https:\/\/eliem.fashion\/wp-content\/uploads\/2022\/09\/IMG_3587-anteprimasito-scaled.jpg\" \/>\n\t<meta property=\"og:image:width\" content=\"1920\" \/>\n\t<meta property=\"og:image:height\" content=\"2560\" \/>\n\t<meta property=\"og:image:type\" content=\"image\/jpeg\" \/>\n<meta name=\"twitter:card\" content=\"summary_large_image\" \/>\n<script type=\"application\/ld+json\" class=\"yoast-schema-graph\">{\"@context\":\"https:\/\/schema.org\",\"@graph\":[{\"@type\":\"WebPage\",\"@id\":\"https:\/\/eliem.fashion\/fr\/prodotto\/sac-a-dos-mary\/\",\"url\":\"https:\/\/eliem.fashion\/fr\/prodotto\/sac-a-dos-mary\/\",\"name\":\"Sac \u00e0 dos Mary - Eliem Fashion by Elizabeth Maria\",\"isPartOf\":{\"@id\":\"https:\/\/eliem.fashion\/fr\/#website\"},\"primaryImageOfPage\":{\"@id\":\"https:\/\/eliem.fashion\/fr\/prodotto\/sac-a-dos-mary\/#primaryimage\"},\"image\":{\"@id\":\"https:\/\/eliem.fashion\/fr\/prodotto\/sac-a-dos-mary\/#primaryimage\"},\"thumbnailUrl\":\"https:\/\/eliem.fashion\/wp-content\/uploads\/2022\/09\/IMG_3587-anteprimasito-scaled.jpg\",\"datePublished\":\"2022-09-09T12:57:06+00:00\",\"dateModified\":\"2023-01-30T11:36:05+00:00\",\"breadcrumb\":{\"@id\":\"https:\/\/eliem.fashion\/fr\/prodotto\/sac-a-dos-mary\/#breadcrumb\"},\"inLanguage\":\"fr-FR\",\"potentialAction\":[{\"@type\":\"ReadAction\",\"target\":[\"https:\/\/eliem.fashion\/fr\/prodotto\/sac-a-dos-mary\/\"]}]},{\"@type\":\"ImageObject\",\"inLanguage\":\"fr-FR\",\"@id\":\"https:\/\/eliem.fashion\/fr\/prodotto\/sac-a-dos-mary\/#primaryimage\",\"url\":\"https:\/\/eliem.fashion\/wp-content\/uploads\/2022\/09\/IMG_3587-anteprimasito-scaled.jpg\",\"contentUrl\":\"https:\/\/eliem.fashion\/wp-content\/uploads\/2022\/09\/IMG_3587-anteprimasito-scaled.jpg\",\"width\":1920,\"height\":2560,\"caption\":\"sac \u00e0 dos en cuir\"},{\"@type\":\"BreadcrumbList\",\"@id\":\"https:\/\/eliem.fashion\/fr\/prodotto\/sac-a-dos-mary\/#breadcrumb\",\"itemListElement\":[{\"@type\":\"ListItem\",\"position\":1,\"name\":\"Home\",\"item\":\"https:\/\/eliem.fashion\/\"},{\"@type\":\"ListItem\",\"position\":2,\"name\":\"Shop\",\"item\":\"https:\/\/eliem.fashion\/shop\/\"},{\"@type\":\"ListItem\",\"position\":3,\"name\":\"Sac \u00e0 dos Mary\"}]},{\"@type\":\"WebSite\",\"@id\":\"https:\/\/eliem.fashion\/fr\/#website\",\"url\":\"https:\/\/eliem.fashion\/fr\/\",\"name\":\"Eliem Fashion by Elizabeth Maria\",\"description\":\"Three luxury bags in one\",\"potentialAction\":[{\"@type\":\"SearchAction\",\"target\":{\"@type\":\"EntryPoint\",\"urlTemplate\":\"https:\/\/eliem.fashion\/fr\/?s={search_term_string}\"},\"query-input\":{\"@type\":\"PropertyValueSpecification\",\"valueRequired\":true,\"valueName\":\"search_term_string\"}}],\"inLanguage\":\"fr-FR\"}]}<\/script>\n<!-- \/ Yoast SEO plugin. -->","yoast_head_json":{"title":"Sac \u00e0 dos Mary - Eliem Fashion by Elizabeth Maria","robots":{"index":"index","follow":"follow","max-snippet":"max-snippet:-1","max-image-preview":"max-image-preview:large","max-video-preview":"max-video-preview:-1"},"canonical":"https:\/\/eliem.fashion\/fr\/prodotto\/sac-a-dos-mary\/","og_locale":"fr_FR","og_type":"article","og_title":"Sac \u00e0 dos Mary - Eliem Fashion by Elizabeth Maria","og_description":"Caract\u00e9ristiques Portabilit\u00e9 : au bras ou \u00e0 l\u2019\u00e9paule moyennant une cha\u00eene. 35 x 29 x 10 cm (longueur x hauteur x largeur) Couleur : noir Peau : int\u00e9rieur et ext\u00e9rieur de bovin &nbsp; Fabrication : artisanale Poche avant avec aimant [&hellip;]","og_url":"https:\/\/eliem.fashion\/fr\/prodotto\/sac-a-dos-mary\/","og_site_name":"Eliem Fashion by Elizabeth Maria","article_modified_time":"2023-01-30T11:36:05+00:00","og_image":[{"width":1920,"height":2560,"url":"https:\/\/eliem.fashion\/wp-content\/uploads\/2022\/09\/IMG_3587-anteprimasito-scaled.jpg","type":"image\/jpeg"}],"twitter_card":"summary_large_image","schema":{"@context":"https:\/\/schema.org","@graph":[{"@type":"WebPage","@id":"https:\/\/eliem.fashion\/fr\/prodotto\/sac-a-dos-mary\/","url":"https:\/\/eliem.fashion\/fr\/prodotto\/sac-a-dos-mary\/","name":"Sac \u00e0 dos Mary - Eliem Fashion by Elizabeth Maria","isPartOf":{"@id":"https:\/\/eliem.fashion\/fr\/#website"},"primaryImageOfPage":{"@id":"https:\/\/eliem.fashion\/fr\/prodotto\/sac-a-dos-mary\/#primaryimage"},"image":{"@id":"https:\/\/eliem.fashion\/fr\/prodotto\/sac-a-dos-mary\/#primaryimage"},"thumbnailUrl":"https:\/\/eliem.fashion\/wp-content\/uploads\/2022\/09\/IMG_3587-anteprimasito-scaled.jpg","datePublished":"2022-09-09T12:57:06+00:00","dateModified":"2023-01-30T11:36:05+00:00","breadcrumb":{"@id":"https:\/\/eliem.fashion\/fr\/prodotto\/sac-a-dos-mary\/#breadcrumb"},"inLanguage":"fr-FR","potentialAction":[{"@type":"ReadAction","target":["https:\/\/eliem.fashion\/fr\/prodotto\/sac-a-dos-mary\/"]}]},{"@type":"ImageObject","inLanguage":"fr-FR","@id":"https:\/\/eliem.fashion\/fr\/prodotto\/sac-a-dos-mary\/#primaryimage","url":"https:\/\/eliem.fashion\/wp-content\/uploads\/2022\/09\/IMG_3587-anteprimasito-scaled.jpg","contentUrl":"https:\/\/eliem.fashion\/wp-content\/uploads\/2022\/09\/IMG_3587-anteprimasito-scaled.jpg","width":1920,"height":2560,"caption":"sac \u00e0 dos en cuir"},{"@type":"BreadcrumbList","@id":"https:\/\/eliem.fashion\/fr\/prodotto\/sac-a-dos-mary\/#breadcrumb","itemListElement":[{"@type":"ListItem","position":1,"name":"Home","item":"https:\/\/eliem.fashion\/"},{"@type":"ListItem","position":2,"name":"Shop","item":"https:\/\/eliem.fashion\/shop\/"},{"@type":"ListItem","position":3,"name":"Sac \u00e0 dos Mary"}]},{"@type":"WebSite","@id":"https:\/\/eliem.fashion\/fr\/#website","url":"https:\/\/eliem.fashion\/fr\/","name":"Eliem Fashion by Elizabeth Maria","description":"Three luxury bags in one","potentialAction":[{"@type":"SearchAction","target":{"@type":"EntryPoint","urlTemplate":"https:\/\/eliem.fashion\/fr\/?s={search_term_string}"},"query-input":{"@type":"PropertyValueSpecification","valueRequired":true,"valueName":"search_term_string"}}],"inLanguage":"fr-FR"}]}},"jetpack_sharing_enabled":true,"_links":{"self":[{"href":"https:\/\/eliem.fashion\/fr\/wp-json\/wp\/v2\/product\/7659","targetHints":{"allow":["GET"]}}],"collection":[{"href":"https:\/\/eliem.fashion\/fr\/wp-json\/wp\/v2\/product"}],"about":[{"href":"https:\/\/eliem.fashion\/fr\/wp-json\/wp\/v2\/types\/product"}],"wp:featuredmedia":[{"embeddable":true,"href":"https:\/\/eliem.fashion\/fr\/wp-json\/wp\/v2\/media\/7655"}],"wp:attachment":[{"href":"https:\/\/eliem.fashion\/fr\/wp-json\/wp\/v2\/media?parent=7659"}],"wp:term":[{"taxonomy":"product_cat","embeddable":true,"href":"https:\/\/eliem.fashion\/fr\/wp-json\/wp\/v2\/product_cat?post=7659"},{"taxonomy":"product_tag","embeddable":true,"href":"https:\/\/eliem.fashion\/fr\/wp-json\/wp\/v2\/product_tag?post=7659"}],"curies":[{"name":"wp","href":"https:\/\/api.w.org\/{rel}","templated":true}]}}

Sac à dos Mary

<h2>Caractéristiques</h2>
<p>Portabilité : au bras ou à l’épaule moyennant une chaîne. 35 x 29 x 10 cm (longueur x hauteur x largeur)</p>
<ul>
<li>Couleur : noir</li>
<li>Peau : intérieur et extérieur de bovin</li>
<li>&nbsp;
<p>Fabrication : artisanale</li>
<li>Poche avant avec aimant</li>
<li>Poche intérieure pour smartphone</li>
<li class="lmt__translations_as_text__item">Sangles d&#8217;épaule réglables en cuir</li>
<li>Fermeture zippée extérieure et aimants latéraux</li>
<li>Accessoires « gondoles » plaqués or dedans et dehors</li>
<li>Fabriqué en Italie</li>
</ul>
<p>&nbsp;</p>

<p>Caractéristiques Portabilité : au bras ou à l’épaule moyennant une chaîne. 35 x 29 x 10 cm (longueur x hauteur x largeur) Couleur : noir Peau : intérieur et extérieur de bovin &nbsp; Fabrication : artisanale Poche avant avec aimant [&hellip;]</p>

<!-- This site is optimized with the Yoast SEO plugin v26.6 - https://yoast.com/wordpress/plugins/seo/ -->
<title>Sac à dos Mary - Eliem Fashion by Elizabeth Maria</title>
<meta name="robots" content="index, follow, max-snippet:-1, max-image-preview:large, max-video-preview:-1" />
<link rel="canonical" href="https://eliem.fashion/fr/prodotto/sac-a-dos-mary/" />
<meta property="og:locale" content="fr_FR" />
<meta property="og:type" content="article" />
<meta property="og:title" content="Sac à dos Mary - Eliem Fashion by Elizabeth Maria" />
<meta property="og:description" content="Caractéristiques Portabilité : au bras ou à l’épaule moyennant une chaîne. 35 x 29 x 10 cm (longueur x hauteur x largeur) Couleur : noir Peau : intérieur et extérieur de bovin &nbsp; Fabrication : artisanale Poche avant avec aimant [&hellip;]" />
<meta property="og:url" content="https://eliem.fashion/fr/prodotto/sac-a-dos-mary/" />
<meta property="og:site_name" content="Eliem Fashion by Elizabeth Maria" />
<meta property="article:modified_time" content="2023-01-30T11:36:05+00:00" />
<meta property="og:image" content="https://eliem.fashion/wp-content/uploads/2022/09/IMG_3587-anteprimasito-scaled.jpg" />
	<meta property="og:image:width" content="1920" />
	<meta property="og:image:height" content="2560" />
	<meta property="og:image:type" content="image/jpeg" />
<meta name="twitter:card" content="summary_large_image" />
<script type="application/ld+json" class="yoast-schema-graph">{"@context":"https://schema.org","@graph":[{"@type":"WebPage","@id":"https://eliem.fashion/fr/prodotto/sac-a-dos-mary/","url":"https://eliem.fashion/fr/prodotto/sac-a-dos-mary/","name":"Sac à dos Mary - Eliem Fashion by Elizabeth Maria","isPartOf":{"@id":"https://eliem.fashion/fr/#website"},"primaryImageOfPage":{"@id":"https://eliem.fashion/fr/prodotto/sac-a-dos-mary/#primaryimage"},"image":{"@id":"https://eliem.fashion/fr/prodotto/sac-a-dos-mary/#primaryimage"},"thumbnailUrl":"https://eliem.fashion/wp-content/uploads/2022/09/IMG_3587-anteprimasito-scaled.jpg","datePublished":"2022-09-09T12:57:06+00:00","dateModified":"2023-01-30T11:36:05+00:00","breadcrumb":{"@id":"https://eliem.fashion/fr/prodotto/sac-a-dos-mary/#breadcrumb"},"inLanguage":"fr-FR","potentialAction":[{"@type":"ReadAction","target":["https://eliem.fashion/fr/prodotto/sac-a-dos-mary/"]}]},{"@type":"ImageObject","inLanguage":"fr-FR","@id":"https://eliem.fashion/fr/prodotto/sac-a-dos-mary/#primaryimage","url":"https://eliem.fashion/wp-content/uploads/2022/09/IMG_3587-anteprimasito-scaled.jpg","contentUrl":"https://eliem.fashion/wp-content/uploads/2022/09/IMG_3587-anteprimasito-scaled.jpg","width":1920,"height":2560,"caption":"sac à dos en cuir"},{"@type":"BreadcrumbList","@id":"https://eliem.fashion/fr/prodotto/sac-a-dos-mary/#breadcrumb","itemListElement":[{"@type":"ListItem","position":1,"name":"Home","item":"https://eliem.fashion/"},{"@type":"ListItem","position":2,"name":"Shop","item":"https://eliem.fashion/shop/"},{"@type":"ListItem","position":3,"name":"Sac à dos Mary"}]},{"@type":"WebSite","@id":"https://eliem.fashion/fr/#website","url":"https://eliem.fashion/fr/","name":"Eliem Fashion by Elizabeth Maria","description":"Three luxury bags in one","potentialAction":[{"@type":"SearchAction","target":{"@type":"EntryPoint","urlTemplate":"https://eliem.fashion/fr/?s={search_term_string}"},"query-input":{"@type":"PropertyValueSpecification","valueRequired":true,"valueName":"search_term_string"}}],"inLanguage":"fr-FR"}]}</script>
<!-- / Yoast SEO plugin. -->

Sac à dos Mary - Eliem Fashion by Elizabeth Maria

Caractéristiques Portabilité : au bras ou à l’épaule moyennant une chaîne. 35 x 29 x 10 cm (longueur x hauteur x largeur) Couleur : noir Peau : intérieur et extérieur de bovin &nbsp; Fabrication : artisanale Poche avant avec aimant [&hellip;]

sac à dos en cuir
